6*b. What is the remainder when b is divided by 23?
20
Let g = -81 - -127. What is the remainder when g is divided by 16?
14
Let u = -4 + 10. What is the remainder when u is divided by 2 + (1 - (0 - 1))?
2
Suppose -4 - 11 = -3*g. Calculate the remainder when 3/9 - 78/(-9) is divided by g.
4
Suppose 5*c - 30 = -5*d, -c = -2*d + c. Suppose -3*r - d*p = -69, -2*r + 3*p + 23 = -r. Calculate the remainder when r is divided by 6.
5
Suppose 6 = 2*i + 3*n - 1, -25 = -2*i + 3*n. What is the remainder when 13 is divided by i?
5
Suppose -4*f = -27 - 145. Calculate the remainder when f is divided by 9.
7
Let t = 35 - 24. Calculate the remainder when 41 is divided by t.
8
Suppose -107 = -5*m - 3*j, 2*m + 0*m + 4*j - 54 = 0. Let a = -21 - -32. Calculate the remainder when m is divided by a.
8
Let y = -86 - -124. Let a(l) = -1 + 3*l + 0*l - 4. Calculate the remainder when y is divided by a(6).
12
Let w = 14 + 57. Calculate the remainder when w is divided by 18.
17
Let r = -14 + 47. What is the remainder when r is divided by 6?
3
Calculate the remainder when (-2635)/(-30) - 2/(-12) is divided by 31.
26
Let u(r) = -r**2 + 15*r - 18. What is the remainder when u(12) is divided by 6?
0
Suppose -80 = -3*y - y. Suppose -19*t = -15*t - 28. Calculate the remainder when y is divided by t.
6
Let t(b) be the third derivative of 13*b**6/20 - b**5/60 - 13*b**2. Let l = 0 - -1. Calculate the remainder when t(l) is divided by 20.
17
What is the remainder when (0 + (-2)/(-3))*(53 - 2) is divided by (36/10)/((-1)/(-5))?
16
Let l = 29 + -13. What is the remainder when l is divided by (-88)/(-14) + 2/(-7)?
4
Calculate the remainder when 27 is divided by 40/12*(-18)/(-10).
3
Calculate the remainder when 24 is divided by (136/(-102))/((-8)/3 - -2).
0
Suppose -n = 4*h - 0*h - 168, 3*n = -4*h + 168. Suppose 3*i + 0*i - h = 0. What is the remainder when 53 is divided by i?
11
Let q = 34 - 15. What is the remainder when 45 is divided by q?
7
Let c(b) = -1. Let w(v) = -v + 2. Let m(g) = -3*c(g) - w(g). Calculate the remainder when 18 is divided by m(4).
3
Suppose 5*j - 75 = -0*j. What is the remainder when 43 is divided by j?
13
Let v = -11 - -24. Let j(x) = 4*x + 5. Let z(o) = -o**2 - o + 5. Let w be z(0). Calculate the remainder when j(w) is divided by v.
12
Suppose -l + t = 5*t - 19, -5*l = 4*t - 31. Let j(n) = n - 1. Suppose 3 = -5*v + 23. What is the remainder when v is divided by j(l)?
0
Let k = 64 + -48. What is the remainder when 57 is divided by k?
9
Let k = -7 + 17. Let u(a) = 3*a**2. Let w be u(-2). Let i = w - -17. Calculate the remainder when i is divided by k.
9
Let b = 4 + -1. Calculate the remainder when 3 is divided by b.
0
Let z(j) = j**2 - 5*j + 2. Let i be z(4). Let y be (10/(i + 1))/(-2). Suppose -r - r - 6 = 5*c, y*c + 2 = -4*r. What is the remainder when 5 is divided by r?
1
Let h(w) = -2*w + 0*w**2 + 3*w + w**2 + 12. What is the remainder when 23 is divided by h(0)?
11
Let g(z) = z**2 + 6*z + 1. Let t = 53 - 32. What is the remainder when g(-10) is divided by t?
20
Let t(q) = q**2 - 2*q. Let h be t(2). Calculate the remainder when 66 is divided by 34*((-2)/(-4) - h).
15
Suppose -2*t = -4*t + 72. What is the remainder when t is divided by 13?
10
Let i = -95 + 152. Suppose 5*c = 2*b + 2*b + 95, 3*c - i = 4*b. What is the remainder when c is divided by 10?
9
Let i(h) = -h**3 + 4*h**2 - h. Let u be i(3). Let q = 12 - u. What is the remainder when (-51)/6*-2*1 is divided by q?
5
What is the remainder when 3 is divided by 7 - (-16)/(-4) - 2?
0
Let l = 7 - 11. Let y be (-2 - 10/(-8))*l. Suppose 5*w - p - 105 = 0, -w - 2*w + 45 = y*p. Calculate the remainder when 39 is divided by w.
19
Let g = 59 + -39. Let l be -25*(21/15 + -1). Let j = 21 + l. Calculate the remainder when g is divided by j.
9
Let y(z) = z**2 - 9*z + 10. Let n be y(7). Let w = -5 - n. What is the remainder when (-1 + 33)/((-1)/w) is divided by 11?
10
Let o = 29 - -12. What is the remainder when o is divided by 11?
8
What is the remainder when 68 is divided by 2 + 29 + (1 - -3)?
33
Let m = 164 + -69. Calculate the remainder when m is divided by 24.
23
Let a = 27 + -16. Let m(k) = -2*k + 4. Let z be m(-3). Calculate the remainder when 2/(-5) - (-214)/z is divided by a.
10
Let v = -14 - -81. Calculate the remainder when v is divided by 17.
16
Calculate the remainder when (-3 + 5)*(-31)/(-2) is divided by 11.
9
Suppose -5*c + 25 = 5*r, -5 = -r + c - 0. Suppose 2*m + 8 = r*a - 2*m, 2*a = -3*m + 17. Suppose a*n = 10 + 282. What is the remainder when n is divided by 19?
16
Let q = -50 + 81. What is the remainder when 278 is divided by q?
30
Let n(o) = o**2 - 1. Let j be n(-3). Suppose -4*z + j = -8. Calculate the remainder when 15 is divided by z.
3
Suppose 0 = 3*p - 6, 0*p = -5*b + 5*p + 45. Calculate the remainder when (32 - (-1 + 0)) + -1 is divided by b.
10
Let n(z) = 15*z + 92. Calculate the remainder when n(-5) is divided by -1 - 1/(1/(-10)).
8
Let c = 11 + 1. Calculate the remainder when 47 is divided by c.
11
Let o(k) = -1 + 3*k - 1 + 2*k**2 + 2. Suppose 0 = u - 4*u - 5*n + 41, 12 = 3*n. Calculate the remainder when o(-4) is divided by u.
6
Let p = 5 + -1. Suppose -p*d + 2*n + 110 = 0, -4*d - 14 = -4*n - 130. Calculate the remainder when d is divided by 43/5 - (-4)/10.
8
Let u(k) = 0*k**3 + 4 - k**3 + 2*k**3 + 7*k**2 + 4*k. Suppose -6 = 2*j + f + 7, 3*f - 9 = 2*j. What is the remainder when u(j) is divided by 9?
7
Suppose -5*g + 89 = -2*z - 90, -z = -4*g + 142. What is the remainder when g is divided by 23?
12
Suppose 3*q - 67 = -4*b, 16 = q - 2*b - 3*b. Let a(z) = -5*z + 1. Calculate the remainder when q is divided by a(-1).
3
Let r = 62 - 39. What is the remainder when r is divided by 16?
7
Let z = -2 - -4. Suppose -s + 36 = -3*r, 2*s + 32 = 4*s + z*r. Calculate the remainder when s is divided by 8.
5
Let i = -45 - -75. Suppose -2*m + 4 = -i. Let d = -378 + 411. Calculate the remainder when d is divided by m.
16
Let t(a) = -a**3 + 3*a**2 + 4*a + 2. Suppose -7 = -2*c + 1. Calculate the remainder when 2 is divided by t(c).
0
Suppose -4*x + 3 = -o, -5*x + 2*o = -o - 9. Suppose -3*n + 3 + 24 = x. Calculate the remainder when 34 is divided by n.
7
Suppose 5*n + 5*d = -39 + 169, -119 = -4*n - d. Suppose -2*h = h - 48. Calculate the remainder when n is divided by h.
15
Suppose 4*j - 8 = -4*c, 0 = c + c - 4*j - 10. Calculate the remainder when 5 is divided by -8*c/(-6) + -1.
2
Suppose 51*c - 49*c = 104. Calculate the remainder when c is divided by 29.
23
Suppose 0 = -3*r - 5 + 17. Let y be (1 - -8)/((-6)/(-4)). Suppose v - r*q - 8 = 6, -2*q = y. Calculate the remainder when 3 is divided by v.
1
What is the remainder when 58/(-2 + 5 + -2) is divided by 12?
10
Suppose 3*z - 5*w - 1 = 0, 3*z - 2*z + 5*w = 27. Let o = -4 + z. Suppose u + o*y - 25 = 4*y, 10 = -5*y. Calculate the remainder when u is divided by 8.
7
Let z = -23 + 32. Let t = 113 + -49. What is the remainder when ((-2)/4)/((-2)/t) is divided by z?
7
Suppose c + 16 = 4*s, 4*s - 2*c - 2*c - 28 = 0. Let x be 2/4 - (-18)/(-4). Let r = s - x. Calculate the remainder when r is divided by 3.
1
Suppose -177 = -5*l + 223. Suppose 3*b = -2*b + l. Let o = -20 + 67. What is the remainder when o is divided by b?
15
Suppose 40 = 2*q + 4*z, -4*z + 16 = -4. Let a(w) = -w**2 - 8*w + 3. Let l be a(-5). Suppose 0 = -2*g + l + 38. Calculate the remainder when g is divided by q.
8
Let q(j) = j**2 + 16*j + 7. What is the remainder when 45 is divided by q(-17)?
21
What is the remainder when 1 - -100 - (-15)/(-5) is divided by 33?
32
Let w = -45 + 51. Suppose u = -2*u + 9. Suppose -3*l = -k - 39, -2*l - u*k - 47 = -w*l. What is the remainder when 41 is divided by l?
13
Suppose 2*y - 3 = 3*b - 67, 3*b - 50 = -5*y. Let n = -8 + b. Let d = 78 - 43. What is the remainder when d is divided by n?
11
Suppose 4*d = -0*d + 456. What is the remainder when d is divided by 29?
27
Suppose 9 = -4*n + 29. Suppose -n*f = -15, f + 37 = 5*w - 75. Calculate the remainder when 90 is divided by w.
21
Suppose -2*b = 2*y - 7*y - 25, -2*y = 10. Suppose 4*o - 180 + 28 = b. What is the remainder when o is divided by (2 - 3)*(-1 - 12)?
12
Let z = -40 + 59. Let h = -8 + 5. Calculate the remainder when -1 + 0/h + 55 is divided by z.
16
Suppose -u = u - 4*q - 216, 3*u + q = 338. Suppose u = 5*j